*c + 1 = -11, 3*o = -3*c + 63. Let n(k) = k**3 + 13*k**2 + 13*k + 24. Suppose 5 - 60 = 5*q. What is the remainder when n(q) is divided by o?
23
Suppose -t = -0*t - 7. Let b(q) = q**2 - 2. Suppose -12755 = 11*j - 12865. Calculate the remainder when b(t) is divided by j.
7
Suppose 2*q = 5*d - 1692, 0 = -5*q + q + 4*d - 3408. What is the remainder when q/(-7) + 8/(-28) is divided by 494/12 + 4/(-24)?
40
Let v = 33645 + -33629. Suppose 0 = -0*p - 5*p - q + 227, -p + 58 = -4*q. What is the remainder when p is divided by v?
14
Suppose -4*b - j + 45 = 0, -j - 144 = -3*b - 112. What is the remainder when 2219 is divided by b?
8
Suppose 5*f - 4 = -2*j, -6*f + 8*f - 6 = -3*j. Calculate the remainder when 505 is divided by j.
1
Suppose -82*c - 28781 + 82655 = 0. What is the remainder when c is divided by 39?
33
Suppose 2*h - 2*a = -0*a - 280, a + 265 = -2*h. Let u = -118 - h. Let t = 67 + 67. Calculate the remainder when t is divided by u.
15
Let w(s) = 63*s + 14. Let h be w(4). Let d = h - 249. Calculate the remainder when 27 is divided by d.
10
Let v be (-9)/(270/(-21575)) - (-5)/6. Let m = v + -472. Calculate the remainder when m is divided by 25.
23
Let o(m) = -277*m**2 - 1870*m - 14. Calculate the remainder when o(-4) is divided by 276.
274
Let d be 0*3/(-6)*(-1)/(-2). Suppose d*p + 4*p = -12. Let s(g) = -2*g**3 - 3*g**2 - g + 4. Calculate the remainder when 98 is divided by s(p).
30
Suppose 29*r + 9049 = 320. Let b = -294 - r. What is the remainder when 186 is divided by b?
4
Let i(c) = c**2 - 107*c + 2383. Calculate the remainder when i(78) is divided by 43.
35
Suppose 4*y - 2*d = 182, d - 50 = -5*y + 160. What is the remainder when y is divided by (3800/456)/((-2)/(-6))?
18
Let w(x) = x**3 + 15*x**2 - 69*x - 93. What is the remainder when 351 is divided by w(-18)?
174
Let w = 272 + -225. Let i(r) = 2*r - 18 - 4*r + 7 - 2*r. Calculate the remainder when w is divided by i(-9).
22
Suppose -2*r = -323 - 4263. Suppose 0 = -14*u + r - 193. Calculate the remainder when u is divided by 19.
17
Calculate the remainder when 60 is divided by 2/(-9)*-90*5/4.
10
Let a(d) = d**3 + 5*d**2 - 6*d - 8. Let b be a(-6). Calculate the remainder when 49 is divided by (-672)/(-26) - b/52.
23
Let b = -64 + 101. What is the remainder when b is divided by -42*((-34)/(-28) + (-138)/92)?
1
Let a(m) = m**2 - 14*m + 71. Let f be a(8). Let o = f - 12. Let d(r) = 9*r**2 - 3*r + 2. What is the remainder when d(2) is divided by o?
10
Suppose -30*n - 1155 = -4*n - 7005. Calculate the remainder when n is divided by 28.
1
Suppose 3*d - 160 - 25 = -5*z, 4*z + 259 = 5*d. Let r = d + -11. Let i = -8 - -17. Calculate the remainder when r is divided by i.
8
Suppose 3*k + 31 = -g + 133, 12 = 4*g. Suppose -2 = -7*a + k. What is the remainder when 61 is divided by a?
1
Let u = 7058 - 6973. What is the remainder when u is divided by 4392/198 - 4/22?
19
Let t(n) = n**2 + 35*n + 823. Calculate the remainder when t(-33) is divided by 42.
1
Suppose 5*r = 219 + 106. What is the remainder when r is divided by (-114)/18*-3 - (5 - 0)?
9
What is the remainder when 309 - (0 - (-6 - -20)) is divided by 13?
11
Let y(l) = -l**3 + 54*l**2 + 486*l + 633. Suppose 0 = -2*o + 4*x + 292, -4*x + 682 = 5*o - 2*x. What is the remainder when o is divided by y(62)?
8
Let j(o) = 15*o**3 + 13*o**2 - 28*o - 1. Calculate the remainder when j(3) is divided by 9.
5
Suppose -63 = -26*i + 23*i. Suppose -19*h - 142 = -i*h. Suppose 4*n - a = h, -4 = 2*n - a - 39. What is the remainder when 71 is divided by n?
17
Let v = 83 - 73. What is the remainder when 73 is divided by v?
3
Calculate the remainder when 1354 is divided by (32/80)/((-4)/295)*(-24 - -22).
56
Suppose 0*g - 781 = -g - 3*z, -3*g - 2*z + 2364 = 0. Let q = -186 + 190. What is the remainder when 74 is divided by g/20 - 2/q?
35
Suppose -3*n + w + 1251 = 0, 45*n + 2*w - 396 = 44*n. Calculate the remainder when 582 is divided by n.
168
Let u be 12/10*(-60)/18. What is the remainder when 94 is divided by (18/u)/(152/(-128) + 1)?
22
Let u = -533 - -578. Suppose -u = 466*t - 471*t. What is the remainder when t is divided by 8?
1
Let i(u) = -3*u + 12. Suppose -2414 = -56*z + 22*z. What is the remainder when z is divided by i(-9)?
32
Let z = -12673 - -12711. What is the remainder when 21087 is divided by z?
35
Let h = 185 + -184. What is the remainder when 476 + h/2*(-7 - 1) is divided by 25?
22
Let j(d) = -d**3 + 22*d**2 - 59*d + 46. Let i be j(19). Suppose 0 = -i*z + 7*z + 349. What is the remainder when z is divided by 11?
8
Suppose 9*r - 4*r - p = -146, 2*r + 59 = p. Let z = 31 + r. What is the remainder when 232 is divided by (-2)/(-3)*141/z?
44
Let u(i) = -23*i**3 + 3*i**2 + 3*i - 10. Let d be u(2). Let l = -136 - d. What is the remainder when 112 is divided by l?
32
Let b(n) = 95*n**2 - 134*n + 389. Calculate the remainder when b(3) is divided by 65.
62
Suppose -3*p + 3*a = 6 - 3, -2*a = 4*p - 14. What is the remainder when (-1 - 0)*748/(-34) is divided by p?
0
Suppose -75 = -4*x - 5*f, -x - 2*f + 10 = -8. Calculate the remainder when 396 is divided by x.
16
Let x(f) = -f**2 + 16*f + 6. Let h(n) = 26*n - 192. Let m be h(8). What is the remainder when 25 is divided by x(m)?
1
Let i(a) = -7*a - 119. Let u be i(6). Calculate the remainder when 2/14 - 3197/u is divided by 15.
5
Let q = 14 - 7. Let a(l) be the second derivative of -2*l**3/3 - 65*l**2/2 + 5*l - 2. What is the remainder when a(-19) is divided by q?
4
Suppose 13*y + 12*y = -875. What is the remainder when 63/y*(-58 + -2) is divided by 10?
8
Let j be (-5 + 3)/(-1) + -22. Let o be (5/j*-4)/(1/4). Suppose -3*s = -6, -s + o*s = 2*h - 12. What is the remainder when 16 is divided by h?
7
Suppose 0*h = 26*h - 26. Calculate the remainder when 6 - h - 5/(5/(-58)) is divided by 5.
3
Let o = 113 - 80. Suppose d - 109 - 68 = 0. Let w = 275 - d. Calculate the remainder when w is divided by o.
32
Let w = -443 + 476. What is the remainder when 207 is divided by w?
9
Suppose 28*f + 5160 = 36*f. Let r = -390 + f. What is the remainder when r is divided by 87?
81
Suppose 0 = -5*g - 4*w + 1010, g + w - 223 = -4*w. Let m be (g/44)/((-6)/(-32)). Suppose -5*x + 11*x - m = 0. What is the remainder when 21 is divided by x?
1
Suppose 4*f - 816 = 4*j, -3*j - 98 - 108 = -f. Calculate the remainder when 205 is divided by f.
2
Let q(f) = 5*f**2 + 48*f + 242. Calculate the remainder when q(-6) is divided by 75.
59
Suppose 335 = -3*a + 1436. Calculate the remainder when a is divided by 182.
3
Let c = -5414 - -5483. Let n(y) = 7*y - 3. Calculate the remainder when c is divided by n(3).
15
Let g(m) = -10*m**2 - 313*m - 76. What is the remainder when 453 is divided by g(-31)?
11
Let r = -101 - -154. Suppose -2*w = -2, -w + 71 = 4*j + j. Suppose 4*z - 5*z = -j. What is the remainder when r is divided by z?
11
Calculate the remainder when ((-17584)/42)/(57/9 + -7) is divided by 22.
12
Let f(d) = d**2 + 2*d - 22. Let k = 256 - 154. Calculate the remainder when k is divided by f(-8).
24
Let p = 255 + -65. Let n = p - 151. Calculate the remainder when 426 is divided by n.
36
Let h(z) = 9*z**2 + 5*z + 1. Suppose -189*m + 15276 = -16178 - 13150. Calculate the remainder when m is divided by h(-2).
20
Let v = 2 + 3. Suppose 316 = v*x + 14*y - 11*y, -x - y = -62. What is the remainder when x is divided by 14?
9
Suppose 18*y - 11*y + 301 = 0. What is the remainder when 64/8 - 5 - y is divided by 12?
10
Let w = 88 - 5. Let m(y) = y**2 - 8*y - 7. Let o be m(9). Suppose -4*x - 4*r + 171 = 35, w = o*x - 3*r. What is the remainder when 72 is divided by x?
35
What is the remainder when 2714 is divided by 2862/189 - (-40)/(-35)?
12
Let k(d) = -d**3 + d**2 + 11*d + 3. Let p be k(-3). Suppose -p*x + 19 = -41. Calculate the remainder when 17 is divided by x.
7
Let o(r) = -r**3 + 7*r**2 + 15*r - 33. What is the remainder when 184 is divided by o(6)?
91
Let r = -223 - -333. Let n(i) = i**3 - 17*i**2 - 16*i + 16. Calculate the remainder when r is divided by n(18).
6
Suppose 1002*s - 2*w + 140 = 1007*s, -3*s - 5*w + 46 = 0. Calculate the remainder when -5*158/20*-4 is divided by s.
30
Suppose 41*b = 32*b + 107 + 127. What is the remainder when 134 is divided by b?
4
Suppose -d - 1491 = -t, 3086 = 5*t - 2*d - 4378. Suppose 3*r + 2*b = 1251, -5*r + b + 604 + t =